sor of k and u?
11
Suppose -m = -8*m + 742. Let t = m - 51. Let b = -9 - -31. Calculate the greatest common factor of t and b.
11
Let s be ((-2)/2 - -287) + 0. What is the highest common divisor of s and 26?
26
Suppose 4*l - 6*l - 24 = 0. Let k be 190/8 - 3/l. What is the highest common divisor of 6 and k?
6
Let c(r) = r**3 - 2*r - 3. Let h be c(-2). Let m = 1 - h. What is the greatest common factor of 24 and m?
8
Let l(b) = 2*b**2 + 13*b + 30. Let v be l(-12). Calculate the greatest common factor of v and 18.
18
Let a be 20/6 + (-6)/(-9). Let k be a - 2 - 3 - -7. Suppose 0*r + r = 66. What is the greatest common divisor of k and r?
6
Suppose 0 = 4*q + 5*c - 44 - 8, c + 58 = 3*q. Calculate the greatest common divisor of q and 27.
9
Let s(o) = -o + 6. Let l be s(10). Let z be (l - -10) + 2 - 0. Calculate the highest common factor of 56 and z.
8
Suppose -a - 13 = 3*i, 5*i + a - 2 = -23. Let t be i + (-4 - (3 + -16)). Calculate the highest common divisor of t and 25.
5
Suppose -2*z = -3*z + 32. What is the highest common factor of z and 8?
8
Let m(g) = g**2 - 8*g + 7. Let v be m(7). Suppose 5*w - 2*w - 15 = v. What is the highest common factor of w and 25?
5
Let w be 63/(-6)*20/(-6). What is the highest common factor of 7 and w?
7
Suppose -2*c + 8 = -12. Suppose 3*s - 3*f - 63 = 0, 4*s + 3*f - 2*f = 79. What is the greatest common factor of c and s?
10
Let r(w) = -w - 5. Let a(i) = -i + 12. Let h be a(7). Let y be r(h). Let o = -2 - y. Calculate the highest common divisor of o and 56.
8
Let v(d) = d**3 + d - 18. Let j be v(0). Let b be (j/(-15))/(4/10). What is the highest common divisor of 6 and b?
3
Let l(n) = 0*n - 1 + 0*n + 3*n + 127*n**2 - 1. Let k be l(1). Let r be 24/(-2)*4/(-3). What is the greatest common divisor of r and k?
16
Let n(r) = -r**2 + 10*r + 16. Let d be n(10). What is the highest common divisor of d and 4?
4
Suppose 0 = -14*r + 302 + 566. What is the highest common divisor of 217 and r?
31
Suppose -33 = -3*y - 3. Let c be -1 - (-1 - (0 + 20)). What is the greatest common factor of c and y?
10
Suppose 0 = 5*g + 3*p - 8, 2*g + 3*p - p = 0. Let r = g - 3. What is the greatest common divisor of r and 4?
1
Let r = 23 + -15. Calculate the highest common divisor of r and 2.
2
Suppose -10*f = -15*f + 110. Calculate the greatest common divisor of f and 33.
11
Let k = 7 - -15. Calculate the highest common divisor of k and 110.
22
Let d(r) = r**2 - r + 6. Suppose 0*v - v = 0. Let y be d(v). What is the greatest common factor of y and 15?
3
Let f(s) = 1 + 4 + 5*s**2 + 144*s**3 + 7*s - 145*s**3. Let t be 8 + -4 + (-2)/(-1). Let o be f(t). What is the highest common factor of o and 88?
11
Suppose 6*v + 24 = 3*v. Let b(q) = -3*q + 3. Let s be b(2). Let z = s - v. What is the highest common factor of z and 25?
5
Suppose -10*h + 0*h + 340 = 0. What is the greatest common factor of 2 and h?
2
Suppose 18 - 6 = 4*v. Suppose -v*o = -7*o + 32. Suppose z - 24 = -2*y - z, -5*z = 0. Calculate the greatest common divisor of o and y.
4
Let i = 15 - 1. Let c(m) = 13*m + 3. Let h be c(3). Calculate the greatest common factor of i and h.
14
Let n(i) = i**2 - 4*i + 6. Let u be n(8). Calculate the greatest common divisor of u and 57.
19
Let i = 6 + 2. Calculate the greatest common divisor of 88 and i.
8
Let y = 64 + -109. Let o(k) = -k + 6. Let r be o(3). Let p be ((-2)/r)/(6/y). What is the highest common divisor of p and 5?
5
Suppose -2*h = -112 - 84. Calculate the highest common factor of 147 and h.
49
Suppose 537 = 4*k + 5*b, -2*k = -5*k + 4*b + 364. Calculate the greatest common divisor of 16 and k.
16
Let t(h) = 6*h + 42. Let b be t(0). Calculate the highest common factor of 12 and b.
6
Let m(t) = 3*t**2 + 2*t - 4 + 5 - t**3 - 2*t**2. Let z be m(2). Let s be 99/3 - 2 - z. Calculate the highest common divisor of s and 12.
6
Let k(q) = q**2 + 4*q + 2. Let u be k(-4). Let j = 3 + -2. Calculate the greatest common factor of u and j.
1
Let l = 213 + -150. Let o be (-1)/(-4) + l/4. What is the highest common divisor of o and 8?
8
Let a(x) = -x + 20. Suppose 4*i = d - 30, 5*d - 62 = 4*i + 24. Let k be a(d). What is the highest common divisor of k and 6?
6
Let p be 8/4 - (-148)/1. Let x be ((-2)/4)/((-3)/p). Calculate the greatest common factor of 25 and x.
25
Let k = -5 + 8. Calculate the highest common factor of 21 and k.
3
Let x = -26 + 84. Calculate the highest common factor of x and 290.
58
Let w(f) = 3*f**2 + 3*f. Let s be w(-5). What is the greatest common factor of 20 and s?
20
Suppose -d + 3*d = 0. Suppose 4*k + k - 5 = d. Let o be -1 - (k - 4) - -2. What is the highest common factor of o and 36?
4
Let a(g) be the third derivative of g**5/60 + g**3/3 + g**2. Let s be a(0). Let f be 136/3 - s/6. Calculate the greatest common factor of f and 18.
9
Let j be (-3)/(-1) - (2 - 3). Suppose -2*b + 39 = b. Let z = b - j. Calculate the greatest common divisor of 9 and z.
9
Suppose -5*p = 4*m - 120, -6*m = 3*p - 2*m - 80. Calculate the highest common divisor of p and 5.
5
Let c = 41 - -35. What is the greatest common factor of 19 and c?
19
Suppose 4*k = 7*k - 9. What is the highest common divisor of k and 6?
3
Let d(b) = -b - 1. Let q be d(-5). Suppose q*o - 4*a + 8*a = 140, 2*a + 120 = 3*o. Calculate the greatest common divisor of o and 57.
19
Suppose -k - 3*k + 24 = 0. Suppose -19*b - 144 = -22*b. What is the highest common divisor of b and k?
6
Suppose 15 = 5*g - 2*g. Calculate the highest common divisor of 15 and g.
5
Let n be (4/(-2))/(5/(-10)). Suppose 0 = 3*f - 2*p, 0 = -n*f + f - 5*p + 21. Let r be (-2 - -12)*f/5. Calculate the highest common factor of 12 and r.
4
Let d = -32 - -60. Let w = -10 - -14. Calculate the greatest common divisor of w and d.
4
Let g be ((9 - -3) + -4)/2. What is the greatest common divisor of 16 and g?
4
Let z(h) = -h**3 - 18*h**2 - 17*h + 21. Let x be z(-17). Calculate the greatest common divisor of x and 6.
3
Let s be (-4)/8 - (-2)/4. Let d be -2 + -1 + 1 + s. Let z(c) = -4*c**3 + 3*c**2 + 2*c. Let k be z(d). Calculate the greatest common factor of k and 5.
5
Let h(n) = -3*n - 3. Let z be h(-2). Suppose z*b + 3 = -2*a, -2*b + 4*a = 8*a + 2. Let d be (4/6)/(b/(-9)). Calculate the greatest common factor of 6 and d.
6
Let d be 4/2 + (9 - -2). Let o = d - -57. What is the highest common divisor of o and 10?
10
Let v be 9/((-45)/(-10)) + 30. Calculate the greatest common factor of v and 352.
32
Suppose 5*p + p = 48. What is the greatest common divisor of p and 32?
8
Let c(a) = a**3 + 4*a**2 - 13*a + 3. Let g be c(-6). Calculate the highest common divisor of g and 1.
1
Let a = 16 + -15. What is the highest common factor of 8 and a?
1
Let q(m) = 2*m + 7. Let c be q(5). Let j = 35 - c. Calculate the greatest common divisor of 12 and j.
6
Suppose s = 3*o + 9, 3*s - 2 = 3*o + 43. Calculate the greatest common divisor of 45 and s.
9
Let a = 4 - 4. Suppose a = 3*v - 4*u - u - 92, v = -2*u + 16. Calculate the highest common divisor of 60 and v.
12
Let a be (2/7)/((-6)/(-42)). Suppose -a + 0 = -4*c - 2*o, -3*o = c + 7. Let p be ((-2 - 0) + 36)*c. Calculate the greatest common factor of 17 and p.
17
Let a be (-27)/36*-2*186. Suppose -4*o + a = 39. What is the greatest common factor of 12 and o?
12
Let p(s) = 4*s**2 + 2*s + 3. Let k(o) = -o**2 - o - 1. Let b(f) = 3*k(f) + p(f). Let x be b(-3). What is the highest common factor of x and 12?
12
Suppose 2*s - 5 = -4*p + 5*p, -15 = -5*p. Calculate the highest common factor of s and 10.
2
Let h(a) = -a**2. Let v(b) = 6*b**2 + 10*b - 2. Let d(q) = 4*h(q) + v(q). Let z be d(-7). Calculate the highest common factor of z and 26.
26
Suppose 0 = -0*x + 2*x - 564. Suppose 3*n - 909 = -x. What is the highest common divisor of 19 and n?
19
Suppose 3*r = 6 + 6, 2*q - 5*r - 214 = 0. What is the highest common factor of 39 and q?
39
Suppose -r = 0, 4*r - 12 = 5*m - 6*m. Calculate the greatest common factor of m and 54.
6
Let u(l) = -10*l + 7. Let z be u(-7). Let g be (-1)/4 + (-58)/(-8). What is the highest common factor of g and z?
7
Let o = 2 - -25. Suppose 3*p = -0*p - 45. Let f = p + o. Calculate the highest common divisor of 6 and f.
6
Let o(x) = 1. Let r(j) = -j + 8. Let g(w) = -5*o(w) + r(w). Let q be g(0). Calculate the highest common factor of 12 and q.
3
Suppose -5*g - 15 = 5. Let x be 2/(g*(